t m(p) = -379*p - 49. Is m(-12) a prime number?
False
Let v = 270 + -150. Suppose -3*f = -519 + v. Is f a prime number?
False
Is (-6)/(-9) - 344/(-6) a composite number?
True
Suppose 3*q + 4*a - 79 = 0, 2*q - 5*a = -2*q + 95. Suppose 0 = 5*c - 250 - q. Is c prime?
False
Let q be 0*2/((-8)/2). Suppose -3*g + 233 + 121 = q. Is g composite?
True
Let d = -1175 - -1692. Is d a prime number?
False
Let u(c) = 34*c + 10. Let x be u(9). Suppose 265 + x = j. Is j composite?
True
Let v = -13 + 15. Suppose 357 = v*a + a. Is a a prime number?
False
Let f be 9548/6 + (-8)/24. Suppose f - 494 = b. Is b composite?
False
Let u be -50 - (-3 - -3)/(-4). Let a = u + 103. Is a composite?
False
Suppose 4 = -p + 2*p, -j + 668 = -3*p. Suppose 116 = d + 3*i, -5*d - 2*i + j = -7*i. Is d prime?
True
Let p(q) = -q - 12. Let n be p(-17). Suppose -5*i + u - 7 = 0, 4*i - u - 2*u = 1. Let w = i + n. Is w composite?
False
Let s = -163 + 278. Suppose 0 = u + 2*a + 4, u - a = -u + 12. Suppose -y = u*y - s. Is y prime?
True
Let s(n) = -35*n**3 - 2*n**2 + 1. Suppose -3*i - 3*r - 2*r - 8 = 0, 4*i + 8 = -4*r. Is s(i) composite?
True
Let a(b) = 53*b**2 + 2*b + 3. Is a(-2) composite?
False
Suppose 2*i = 5*i - 9. Suppose 0 = i*c + 15, 0 = -2*z + 3*z + c - 25. Suppose -4*q + z = -14. Is q composite?
False
Let j be (6 - 3)*(-1 + -11). Let i be (-8)/j + (-184)/18. Is i/8*552/(-6) composite?
True
Let x(t) = 177*t - 37. Is x(8) composite?
True
Suppose 3*r - 2*i - 5505 = i, 4*r - 7340 = 5*i. Is r composite?
True
Let h be (-1)/(-1) + (-1 - -5). Suppose -h*c + 75 = j, j - 4*c + 36 - 147 = 0. Is j composite?
True
Let s(l) = l**3 + 4*l**2 - 7*l - 7. Let x be s(-5). Suppose -a + 69 = -x*m - 77, 2*m = a - 147. Is a a composite number?
False
Let h(j) = j. Let u be h(2). Suppose -m + 5*q - 2 = 0, -31 = -u*m - q + 4*q. Is m a composite number?
False
Let o(t) = 12*t - 7. Let r be (20 + 2)/2 + -1. Is o(r) composite?
False
Let q(u) = -u**3 + 6*u**2 + 3*u + 3. Let i be q(3). Let l = 67 + i. Is l a composite number?
True
Let d(g) = g**2 + 6*g - 3. Let r be d(-6). Is (r + 4)*1*109 a prime number?
True
Let q(x) = -x**2 + 8*x + 11. Let a be q(8). Let z = a + 12. Let r = z - 14. Is r a prime number?
False
Let a be 4 + -2 - (1 - 1). Is (-2)/(0 - a/649) composite?
True
Let x = -15 + 28. Is x prime?
True
Let q be (-6)/4*(-10)/3. Let d(t) = -22*t - 2. Let s be d(-5). Suppose -q*b + s = 3. Is b a composite number?
True
Let g(z) = 31*z + 1. Let v(a) = a + 10. Let u be v(-3). Is g(u) composite?
True
Suppose -5*u = -2*b - 1025, -615 = -3*u - 0*u + 4*b. Is u prime?
False
Let f = -256 - -4419. Is f a composite number?
True
Let o be 30*(2 + (-28)/(-8)). Let u = 244 + o. Is u prime?
True
Let t(x) = -6 - 7*x**2 + x**2 + 0*x**2 + x**3 + x. Let i be t(6). Suppose 4*p - 148 = -i*p. Is p a prime number?
True
Is (766/(-4) + (-16)/(-32))*-1 a prime number?
True
Suppose 0 = -9*i + 6*i + 2*w + 8883, 2*i - w = 5921. Is i a composite number?
True
Let o = 22 + -9. Let w = o - -10. Is w a composite number?
False
Let k(q) = q**3 + 15*q**2 + 8*q + 17. Is k(-13) a composite number?
False
Suppose 0 = -10*i + 5*i + 545. Let v = 308 - i. Is v prime?
True
Let w = 1 + -1. Let o(r) = 2*r - 3. Let k be o(4). Suppose k*b = -w*b + 175. Is b prime?
False
Let j(y) = 13*y + 4. Let m(i) = 1. Let c(r) = j(r) - 4*m(r). Let f be c(-2). Is (-4)/f - (-1415)/13 composite?
False
Let k(h) = 186*h**2 - 2*h + 3. Is k(2) prime?
True
Suppose -l + 2559 = 5*r - 4130, 0 = 5*l + 3*r - 33423. Is l/28 + 2/7 a composite number?
False
Suppose 0 = -h - 2 + 1. Let a(g) = 23*g**2 - 1. Is a(h) prime?
False
Let h(c) = 3*c**2 + 4*c. Let s be 10/4*(-3 + 1). Is h(s) a prime number?
False
Suppose -6 - 34 = -5*o. Suppose 0 = -2*i + 3*j - o, -5*i + 13 + 1 = j. Suppose -5*x = 10, 0*x - 4 = -i*w - 5*x. Is w a composite number?
False
Let d(q) = 6*q**3 + 8*q**2 + 13*q - 1. Let p be d(-14). Is p/(-34) - 2/4 prime?
True
Is 28/6*(-414)/(-12) a prime number?
False
Let a(h) = -h**2 - 8*h - 8. Suppose 0 = 5*s + 11 + 24. Let l be a(s). Is l/(1/98*-2) prime?
False
Let w(t) = -5*t**3 - 2*t**2 - 2*t - 1. Let f = 2 + -3. Let b be w(f). Suppose 0 = -b*j + 2*j + 30. Is j a prime number?
False
Let f(x) = 11*x - 1. Let s be f(-1). Let l = 44 - s. Suppose 0 = -3*c + 329 - l. Is c a prime number?
False
Let k(l) = 27*l**3 + 3*l**2 - 2*l. Let o be k(2). Let z be (1/2)/((-4)/o). Let w = z + 53. Is w composite?
True
Suppose 30 = 5*m - 0. Let b be (0 - (-106)/m)*24. Let l = -263 + b. Is l prime?
False
Let q be (-2)/8 + 4942/(-8). Let y = q + 867. Is y a prime number?
False
Is (-2528)/(-12) + (-3)/(-9) composite?
False
Suppose -4*y = y. Suppose -15 = -y*h - 3*h, -3*h = d - 73. Is d a prime number?
False
Let g(i) = 369*i**2 + 3*i + 1. Is g(1) a composite number?
False
Suppose o - 3*c = 76 + 126, -2*c + 428 = 2*o. Is o a prime number?
True
Let c(q) = -6*q**3 - 4*q**2 - 6*q - 7. Is c(-4) a prime number?
True
Let m be 70/(-2*2/4). Let s be 6*(-3)/4*-26. Let p = m + s. Is p composite?
False
Suppose -5*j + 1508 = -5*k - 317, -3*k = 5*j - 1833. Let z(n) = -107*n - 5. Let b be z(-2). Let i = j - b. Is i composite?
False
Let b(h) = -152*h - 3. Is b(-1) a composite number?
False
Let f(g) = g**3 - 6*g**2 + 5. Let w be f(6). Let r(i) = -i**3 + 6*i**2 + 4*i - 7. Let u be r(6). Suppose -3*y + 12 = 5*j, -3 = -w*y + j + u. Is y composite?
True
Let i = 5455 - -2318. Is i a composite number?
True
Let g(t) = -18*t**3 - 2*t**2 + 1. Let i be g(-1). Let k be (-4)/24 + (-1322)/(-12). Let b = i + k. Is b prime?
True
Let f(x) = -6*x**3 + 2*x + 1. Let a be f(-2). Suppose 2*k - 7*k + a = 0. Is k a prime number?
False
Let f(y) = -6*y**3 - 6*y**2 + 10*y + 15. Is f(-5) prime?
False
Let o = 9 + -7. Let w(f) = 16*f + 1. Is w(o) composite?
True
Suppose 21 + 471 = 4*b - 5*l, 5*b - 594 = l. Is b composite?
True
Suppose -2*a - 5*l = 17, -2 = -4*a - 4*l - 18. Let t = -12 + a. Let u = -6 - t. Is u composite?
False
Let g = 6 - 6. Suppose 2 + g = -r. Is (-57)/(-1) - (2 + r) a composite number?
True
Let f(s) be the first derivative of -s**4/4 - 2*s**3/3 + s**2 - 5*s - 2. Let l be (-2)/(2/(-4) + 1). Is f(l) a composite number?
False
Suppose 2*a = 29 + 27. Is 1/(-4) + 427/a a prime number?
False
Let j be 5/(-2) + 2/4. Let u(w) = 2*w**2 + 2*w - 1. Let h be u(j). Is 23/h + 4/(-6) a composite number?
False
Let g = -2841 - -5548. Is g composite?
False
Suppose j + 5 = 6*j. Let p be (-1 + j - -2)*-5. Is (-132)/(-5) + 4/p a composite number?
True
Suppose 2*t + 0*t + 256 = 0. Let w = t + 219. Is w a composite number?
True
Suppose 4 = 2*w - 0*w. Suppose -w*p + 1 + 7 = 0. Is p/(-6) + (-694)/(-6) a prime number?
False
Suppose 0 = w - 6*w - 15, -5*w = -5*k + 2575. Let p = 729 - k. Is p a prime number?
False
Let i(x) = 15*x**2 - 2*x - 1. Is i(2) prime?
False
Is 1/(1 + 512/(-516)) prime?
False
Let f(t) = 38*t**2 + 2*t - 1. Let z be f(1). Suppose -6 = -5*x + 19. Suppose -z = 4*v - x*v - g, 3*g + 105 = 3*v. Is v prime?
True
Let q = -1 - -9. Suppose 2*g + q = -2*g, g = 4*l - 10. Let w(c) = 19*c - 1. Is w(l) a prime number?
True
Let m(u) = 5*u - 5. Let g be m(6). Suppose l + g = 6*l. Suppose -383 = -5*q + p, -l*p + 0*p = -5*q + 375. Is q prime?
False
Suppose -3*w = 3*i + 2*w - 22, -5*i = -3*w - 14. Is -1 - ((-537 - i) + -1) composite?
False
Let t = 187 + -110. Is t prime?
False
Let n(t) = -5*t**3 - 2*t**2 - 2*t + 3. Suppose -2*a + 4 = -0. Let m be n(a). Let u = m - -86. Is u composite?
False
Suppose 0 = 3*b - 679 - 548. Is b a prime number?
True
Suppose f + h = -2*f + 25, -4*f - 4*h = -36. Suppose -137 = -5*v + f. Let a = -15 + v. Is a a prime number?
False
Let l = 1781 - 1260. Is l a prime number?
True
Suppose 9*u = 4*u. Is (-130)/2*(-1 - u) prime?
False
Let h(f) = -f**3 - 3*f**2 + 8*f + 3. Suppose 0 = j - 1. Let o be (2/(-4))/(j/10). Is h(o) a prime number?
True
Let j = 6155 - 3046. Is j composite?
False
Suppose 28*t = 23*t + 2110. Is t prime?
False
Suppose 0 = -b - 2*b + 69. Is b a composite number?
False
Let p = -12 + 7. Is p/(-2)*47*2 composite?
True
Let h = 16 - 23. Let f(v) = -v**3 - 7*v**2 + 5*v. Let l be f(h). Let x = l + 50. Is x composite?
True
Suppose -5*n + o - 64 = -2*n, -2*n - 5*o - 54 = 0. Let s = n - -37. Is s a composite number?
True
Let r = 5 + -7. Let m(d) = d**3 + 7*d**2 - 7*d + 9. Let j be m(-8). Is 0 + (6 - j - r) prime?
True
Is (-4)/(-1